In base 3, what is 20110122200 + -1202200?
20101220000
In base 5, what is -21333 - 10234?
-32122
In base 6, what is -130544330 + -5?
-130544335
In base 10, what is -22 - -5087027?
5087005
In base 12, what is 16 - -4109a45?
4109a5b
In base 5, what is 2 - 12132320334?
-12132320332
In base 15, what is -95b75c - -5?
-95b757
In base 7, what is -26206 - -42214?
13005
In base 12, what is -149 - -57310?
57183
In base 7, what is 20 + 160413153?
160413203
In base 4, what is 3 + -12221302100?
-12221302031
In base 8, what is 340544724 - 3?
340544721
In base 3, what is -21221122000202110 + -10?
-21221122000202120
In base 6, what is -32025122 + -12?
-32025134
In base 6, what is -13150051123 + -5?
-13150051132
In base 3, what is 21211111 + -1010111?
20201000
In base 3, what is -102100011010020 - -220?
-102100011002100
In base 14, what is 1a0aa - 13d?
19d6b
In base 6, what is -2145530 + -2334?
-2152304
In base 13, what is -2b26a + -18?
-2b285
In base 10, what is 193273 - 760?
192513
In base 14, what is c - -59bdcbc?
59bdcca
In base 9, what is -1478035223 + -4?
-1478035227
In base 13, what is a03515a + 2?
a03515c
In base 4, what is -2223322223 - -202?
-2223322021
In base 12, what is 591 + -19690?
-190bb
In base 16, what is 2 + -1236e79?
-1236e77
In base 12, what is -4 + b45bb9?
b45bb5
In base 10, what is -178 + 68586?
68408
In base 5, what is 10 - -34214102?
34214112
In base 8, what is -15753 - -35006?
17033
In base 10, what is 8499 + 2763?
11262
In base 14, what is 15ad - d7?
14b6
In base 15, what is -35e - 9b5?
-d24
In base 16, what is 2da + 5f8?
8d2
In base 6, what is -33203 + -5041?
-42244
In base 6, what is 1 + 35120234?
35120235
In base 6, what is -2310243 - 1320?
-2312003
In base 10, what is -61756156 - 12?
-61756168
In base 14, what is 66b - 19d0da?
-19c86d
In base 14, what is -2 + -3a18c8?
-3a18ca
In base 6, what is -1 + 254515000?
254514555
In base 9, what is 2 - -20500701?
20500703
In base 16, what is 4ba3606 - 5?
4ba3601
In base 16, what is 1 + 59774bb?
59774bc
In base 8, what is -10116 + -2333?
-12451
In base 14, what is 163a006 + 4?
163a00a
In base 14, what is -1b + a8bbd?
a8ba2
In base 3, what is -2112112020020 + 100201?
-2112111212112
In base 6, what is -22200 - -24350?
2150
In base 3, what is 201122022 - 12120?
201102202
In base 9, what is 168 + -1162153?
-1161874
In base 15, what is -428 + -2165?
-258d
In base 5, what is -341 - 2211210330?
-2211211221
In base 14, what is 2c0b4a - 49?
2c0b01
In base 11, what is -16 + -23827362?
-23827378
In base 14, what is -119 - -50876?
5075b
In base 5, what is 10234103 - 211?
10233342
In base 13, what is -8b + 56997?
56909
In base 16, what is 1973f - 8?
19737
In base 8, what is -11516 + -1440?
-13156
In base 6, what is 522523 - -1201?
524124
In base 5, what is 10431 - -41103?
102034
In base 11, what is -78 + -58?
-125
In base 13, what is 22ac + 5?
22b4
In base 15, what is -18a1dd8 - 6?
-18a1dde
In base 12, what is -b303 + 327?
-ab98
In base 6, what is -10533021 + -1103?
-10534124
In base 3, what is -2 + 22110222211000?
22110222210221
In base 10, what is 8 + 99280?
99288
In base 8, what is 14731235 - -25?
14731262
In base 14, what is -4b2 - -2743?
2271
In base 4, what is 201112311201 + -1?
201112311200
In base 15, what is -7ce + -3263?
-3a42
In base 12, what is 11b1 + -1a926?
-19735
In base 13, what is 7a8b6583 - 4?
7a8b657c
In base 10, what is 12635 - 18087?
-5452
In base 12, what is -1755 + -1607?
-3160
In base 6, what is -1353 - 4250120?
-4251513
In base 3, what is 21100112112 - 100022?
21100012020
In base 4, what is -12223 + 131033303?
131021020
In base 9, what is 48180 + 140?
48330
In base 7, what is -60631331655 - -1?
-60631331654
In base 6, what is -40250 - 13230?
-53520
In base 5, what is -2032440410112 - 4?
-2032440410121
In base 7, what is 23264451 - 4?
23264444
In base 2, what is 1011111110010111100000010 + 11?
1011111110010111100000101
In base 12, what is 95a98 + a21?
968b9
In base 5, what is 40422 - 23430?
11442
In base 15, what is -23 + -50ba5?
-50bc8
In base 14, what is -3 + -38903c?
-389041
In base 5, what is 13441323 - 233040?
13203233
In base 6, what is -3 - -24123212002?
24123211555
In base 3, what is 20 + -111210011020?
-111210011000
In base 2, what is -10000 + -10010011001001100001?
-10010011001001110001
In base 8, what is 0 - 524203404?
-524203404
In base 10, what is -1644 + -9984?
-11628
In base 5, what is -24422 - -3033?
-21334
In base 16, what is 10237cb2 - 5?
10237cad
In base 7, what is 116214 - 5244?
110640
In base 15, what is 6bcb - 224?
69a7
In base 14, what is 110c98 + -9d?
110bd9
In base 2, what is -1100010001110 - -10001011111?
-1010000101111
In base 8, what is 131447 - 755?
130472
In base 9, what is 251847 - -171?
252128
In base 5, what is 2 + 2021331032?
2021331034
In base 8, what is 7144272 - 20?
7144252
In base 11, what is -5645067 + -4?
-5645070
In base 6, what is 242344543 + 4?
242344551
In base 8, what is -14627 - 52442?
-67271
In base 10, what is -807 - 2342?
-3149
In base 14, what is -3d - 246c97?
-246cd6
In base 7, what is -2 - -25425323?
25425321
In base 8, what is -2 - -2665657?
2665655
In base 11, what is 4353 + -1077?
3287
In base 9, what is -3580 - 18412?
-23102
In base 8, what is 62 + 20651361?
20651443
In base 7, what is -321 + -22054?
-22405
In base 11, what is -1 - -2242002?
2242001
In base 8, what is -7767762 - -251?
-7767511
In base 3, what is -202120220101000121 + -11?
-202120220101000202
In base 12, what is 1 + -27367004?
-27367003
In base 2, what is -101110100010 + 100101010101001010?
100100100110101000
In base 9, what is 3 - -17745717?
17745721
In base 16, what is 549 + -667?
-11e
In base 16, what is -39c4 - 2ff9?
-69bd
In base 12, what is -94 - 4b249?
-4b321
In base 13, what is -5 - -6486769?
6486764
In base 11, what is -281805242 + 4?
-281805239
In base 11, what is -5464a1 + -5?
-5464a6
In base 5, what is -434 - 1100034432?
-1100040421
In base 13, what is 918 - 51727?
-50b0c
In base 6, what is 14220324 + -532?
14215352
In base 6, what is -1110 - 5341320?
-5342430
In base 8, what is -51006644 - -1?
-51006643
In base 15, what is -2 - -2633973?
2633971
In base 10, what is -14121386 - -4?
-14121382
In base 3, what is -1022020 - 10210021?
-12002111
In base 16, what is -3247249 - -5?
-3247244
In base 8, what is -2143 + -4537?
-6702
In base 7, what is -261363 - -15323?
-243040
In base 2, what is 100000100001 + 110100101101100?
111000110001101
In base 12, what is -813472 + 59?
-813415
In base 7, what is 426604 - 2436?
424135
In base 2, what is 1 - -101101010110011100011010111?
101101010110011100011011000
In base 6, what is 2004025200 - 4?
2004025152
In base 12, what is -9060 - -1a?
-9042
In base 16, what is 39d + -1d6f?
-19d2
In base 11, what is -184348 + -225?
-184572
In base 7, what is 5 + -141361543?
-141361535
In base 14, what is -15a2 + -4738a?
-4894c
In base 6, what is -25 - 52344255?
-52344324
In base 4, what is -12 - 2010030110133?
-2010030110211
In base 13, what is -262 - -70cc?
6b6a
In base 13, what is -6b98884 + 5?
-6b9887c
In base 16, what is -61a - 903c?
-9656
In base 3, what is 2012200100021210 - 200?
2012200100021010
In base 11, what is 3052940 + -33?
3052908
In base 6, what is 112054 + -4533?
103121
In base 16, what is 15f - 6152?
-5ff3
In base 11, what is -85 - -2522?
2448
In base 10, what is -2 + -3707321?
-3707323
In base 9, what is 1656858 + 8?
1656867
In base 7, what is 455663 + 151?
456144
In base 11, what is 8047a1a + -9?
8047a11
In base 11, what is 1 - -13041329?
1304132a
In base 14, what is 284a + -1a73?
bb7
In base 8, what is -5641 - 1223?
-7064
In base 10, what is 2 - -26720124?
26720126
In base 9, what is 12210 - 14543?
-2333
In base 8, what is 50411604 - 4?
50411600
In base 10, what is 1435819 + -8?
1435811
In base 13, what is -103164 - 1a?
-103181
In base 5, what is 1212124 - 1320412?
-103233
In base 15, what is c - -2da81a3?
2da81b0
In base 8, what is 3 + 21405757?
21405762
In base 7, what is 1403 - 1630311?
-1625605
In base 11, what is 1 + 8325539?
832553a
In base 6, what is 3 + -110443345?
-110443342
In base 2, what is -11011001110011011000 + 111?
-11011001110011010001
In base 5, what is -104200333 + -2303?
-104203141
In base 13, what is -372 - -4b457?
4b0b5
In base 7, what is -22506055 + -4?
-22506062
In base 8, what is